ded by h(3)?
12
Suppose -5*o + 1800 = -5*j, 5*j - 1019 = -4*o + 385. Calculate the remainder when o is divided by 76.
52
Suppose -14*t - 21*t + 12948 = 3218. What is the remainder when 1394 is divided by t?
4
Let t(z) = z**3 - 3*z**2 - 3*z + 11. Let j be t(3). Suppose 2*h - 2*v - 200 = -3*h, h - 40 = j*v. Calculate the remainder when h is divided by 8.
0
Suppose -639 = -f + g + 94, 4*f - 2933 = 3*g. Let d = f + -655. What is the remainder when d is divided by 29?
21
Calculate the remainder when (204/(-30) - -6) + 5/((-50)/(-3208)) is divided by 106.
2
Suppose 4*w = -171 + 1495. Suppose 6*d - 89 = w. Calculate the remainder when d is divided by 46.
24
Suppose 2*b = 2*q + 46 + 4, 5*q - b + 105 = 0. Let k = -17 - q. Suppose -1 = w, 2*t - k*t + 58 = -w. Calculate the remainder when t is divided by 11.
2
Let l(b) = -b**2 + 17*b - 33. Let v(t) = -148*t**3 - 2*t**2 - t. Let h be v(-1). Suppose 0 = -5*j + h - 22. What is the remainder when j is divided by l(14)?
7
Let o(k) = 2*k**3 + 47*k**2 - 26*k - 53. Let x be o(-24). Let l(r) = r**3 + 4*r**2 - 14*r - 34. Calculate the remainder when 25 is divided by l(x).
3
Let u(m) be the first derivative of m**4/4 - m**3/3 + m**2 + 114*m - 69. Let i = 1 + -1. What is the remainder when u(i) is divided by 13?
10
Suppose 7 - 15 = -z. Suppose -108 = -z*q + 444. Calculate the remainder when q is divided by 36.
33
Let m = 2717 - 2704. Calculate the remainder when 93 is divided by m.
2
Let j(a) = a**2 - 14*a + 13. Let q be j(12). Let p = q + 15. What is the remainder when 52 is divided by 17 + (26/(-8) - p/(-16))?
10
Suppose 144*g - 336 = 132*g. Let f be (-34)/(-10) - (-4)/(-10). Suppose -k - 110 = -f*k. Calculate the remainder when k is divided by g.
27
Suppose v - 56 = -3*v. Suppose -l = -3 - v. Let g = 205 - 203. Calculate the remainder when l is divided by g.
1
Calculate the remainder when 520 is divided by (-220)/(-5) - (-2 + (3 - 3))/(-1).
16
Suppose -2*b = t - 562, 4*b = -82*t + 83*t + 1136. What is the remainder when b is divided by 36?
31
Let q(c) = -c**3 - 2*c**2 - 1. Let y be q(-4). Suppose 0 = -58*u + 2117 - 87. Let z = u - y. Calculate the remainder when 23 is divided by z.
3
Let j be ((-3)/1 - -1) + 30 + -27. Calculate the remainder when ((-4)/3)/(4/(-30)) is divided by 9 + 0 - (j + 2).
4
Let l(u) = 6*u - 2*u + 5*u - 2 - 2*u. Let f(w) = -w**3 + 22*w**2 + 28*w - 108. What is the remainder when l(2) is divided by f(23)?
5
Suppose -2*s + 93*f + 2 = 91*f, -2*s = 4*f + 16. What is the remainder when (-2)/s - 237/(-2)*2 is divided by 80?
78
Suppose -31239 = 23*g + 4*g. Let n = -1142 - g. Calculate the remainder when 51*1 - 4/(-2) is divided by n.
8
Let y(k) = -54*k - 2. Let f be 4*((-5)/(-4) + 0). Suppose -u = -f*p - 8, -2*u - 2 = -2*p - 10. Calculate the remainder when y(p) is divided by 11.
8
What is the remainder when 1609 + 322/(-138)*(-1)/7*-9 is divided by 20?
6
Calculate the remainder when (886/14)/(16/112) is divided by 56.
51
Let a = -71 + 69. Let b(w) = -14*w + 7. Let l(q) = -13*q + 6. Let i(x) = -3*b(x) + 4*l(x). Calculate the remainder when 43 is divided by i(a).
20
Suppose -3*w + 54 = -42. Let f be (18/8)/((-8)/w). What is the remainder when 16 is divided by (4/2)/((-3)/f)?
4
Suppose 169*c - 173*c = -4*q + 384, 5*q = 3*c + 494. What is the remainder when 9577 is divided by q?
101
Suppose 37*n - 33*n - 1872 = 0. Let a = 475 - n. What is the remainder when 13 is divided by a?
6
Let h = -1499 + 2177. What is the remainder when h is divided by 224?
6
Let t(s) = 202*s - 9. Let o be t(3). Suppose -1125 = -21*p + o. Calculate the remainder when p is divided by 34.
14
Suppose -11*q = -7*q + 4. Let b = 38 - q. What is the remainder when 194 is divided by b?
38
Suppose 0 = 20*m - 443 + 103. Suppose 34*k = 952 + 102. Calculate the remainder when k is divided by m.
14
Suppose -3*z + 8*z - 3*i = -21, 2*z - 2*i = -10. What is the remainder when 1160 + (z + 3 - -3)/(-1) is divided by 29?
26
Suppose x = -5*a - 0 + 21, 4*a = 3*x - 44. What is the remainder when 123 is divided by x?
11
Let c(x) = -x + 7. Let z be c(3). Let p(g) = 0*g**2 + z + 0 - g - 2 + 7*g**2. Calculate the remainder when 20 is divided by p(1).
4
Suppose 0 = n + g - 140, -114 = 3*n - 5*g - 542. Calculate the remainder when n is divided by 30.
21
Suppose 884 = -33*s + 2468. Suppose -893 = -5*l + 4*i, -5*l - 103 + 993 = -5*i. Calculate the remainder when l is divided by s.
37
Let z be (-3)/((-100)/(-24) - 4). Calculate the remainder when 13 - 10 - (-69 - -1) is divided by z/(-1) + (0 - 3).
11
Let x be (0 - 3) + (4/(-2) - -28). Suppose x*d - 27*d - a = -1033, -4*d + 3*a = -1029. What is the remainder when d is divided by 20?
18
Suppose 13*d = -123 + 19. Let z(i) = -3*i**3 - 23*i**2 + 6*i - 6. Suppose -a + 5 = -21. Calculate the remainder when a is divided by z(d).
6
Let c(b) = b**3 + 4*b**2 + 4*b + 10. Let q be c(-4). What is the remainder when (-14)/(-21) - 530/q is divided by 24?
17
Let f(c) = 108*c + 1092. What is the remainder when f(16) is divided by 937?
9
Suppose 4*z = d - 310, -3*z = -4*d + 367 - 128. Let p = 81 + z. What is the remainder when 29 is divided by (p/(-14)*-2)/((-9)/(-63))?
1
Suppose 0 = 4*d - 6*o + 3*o - 44, 0 = 2*d - 2*o - 20. Let j = 42 - d. Let s = j - -6. What is the remainder when s is divided by 12?
10
Let o = 1 + -1. Let j(a) = 3*a + 61. Let y be j(o). Let b = y - -75. What is the remainder when b is divided by 46?
44
Let d(t) = 26*t**2 + 11 + 1 + 4 - 16 + 1 + t. Suppose 2*a = 4 - 2. What is the remainder when d(a) is divided by 19?
9
Let f = 1927 + -1911. Suppose p - 5*b = 125, 2*b = 1 - 7. Calculate the remainder when p is divided by f.
14
Let b = 194 - 182. Suppose -5*n + 48 = -b. Suppose z - 4*z + 246 = 0. Calculate the remainder when z is divided by n.
10
Let y(a) = -a**2 - 7*a + 21. Let u be y(-9). Suppose 45 = u*g - 63. Let q = g - 15. What is the remainder when 58 is divided by q?
16
Suppose 106 = 5*p + 2*u, 236*p = 241*p - 4*u - 118. Suppose -8 = -z + 12. What is the remainder when p is divided by z?
2
Suppose 568 = 3*m + 4*j - 2*j, -2*m + j = -360. What is the remainder when 1287 is divided by m?
183
Let g = 76 + -34. Suppose 4*d - 2*i = 3*i + g, -34 = -4*d + i. What is the remainder when 862 is divided by d?
6
Suppose g - 4*n + 0*n + 19 = 0, 3*n - 39 = 3*g. Let y(c) be the first derivative of -c**3/3 - 6*c**2 - 1. What is the remainder when 54 is divided by y(g)?
10
Let n be -3 - -2 - (-612 + 8). Suppose -2*d + 5*p = -n, -2*d + 799 - 200 = -p. Calculate the remainder when d is divided by 31.
20
Suppose 66*p + 11*p - 1540 = 0. Suppose 5*x = 0, -4*c = c - 2*x - 140. Calculate the remainder when c is divided by p.
8
Let q = -2360 + 2733. Calculate the remainder when q is divided by 42.
37
Let y(g) = -4*g**3 - 22*g**2 - 278*g - 1614. Let d(p) = -p**3 + 5*p**2 + 2*p - 1. What is the remainder when y(-6) is divided by d(3)?
11
Suppose -11*s - 125 - 975 = 0. Suppose 4*q = 16, 0 = 3*j - 0*j + q - 79. Calculate the remainder when j is divided by 4/34 + s/(-17).
1
Suppose p = 2*i - 46, 8*i = 5*i - 4*p + 58. Suppose 70 = -17*k + i*k. Calculate the remainder when 27 is divided by k.
13
Let c(h) = -16*h**2 - 484*h - 75. Calculate the remainder when c(-29) is divided by 46.
45
Let m be (-12)/84*-3 - 102/(-7). Let q(p) = -p**3 + 14*p**2 + 18*p - 37. Calculate the remainder when 31 is divided by q(m).
7
Let r(p) = -p**3 - 8*p**2 + 116*p + 68. Calculate the remainder when r(-16) is divided by 212.
48
Let u be (-542 + 2 + 0 + 1)/(-1). Suppose 5*g - u = -6*g. Calculate the remainder when 237 is divided by g.
41
Let m(r) = -247*r - 175. What is the remainder when 946 is divided by m(-1)?
10
Suppose 5*m + 5*w - 125 = 0, 14*w = -3*m + 9*w + 73. What is the remainder when 219 is divided by m?
11
Let m(w) = 12*w - 51. Let i(b) = 2*b**2 + 8*b + 13. Let o be i(-2). Calculate the remainder when m(o) is divided by 4.
1
Suppose 10*i = 881 - 531. Suppose 863 = 3*a + 239. Calculate the remainder when a is divided by i.
33
Suppose 0 = -a + 4*x + 197, 200 = 6*a - 5*a - 3*x. Let r = a - 191. Calculate the remainder when 123 is divided by r.
15
Let d(l) = 13*l + 78. Let u be d(-6). Calculate the remainder when 250 is divided by (u + 1)/((-30)/(-2370)).
13
Let b(i) be the first derivative of 47/4*i**4 + 0*i**3 - 5*i - 2 + 3*i**2. Calculate 